{"id":6833,"date":"2025-05-16T15:39:39","date_gmt":"2025-05-16T12:39:39","guid":{"rendered":"https:\/\/kipas.com.tr\/?page_id=6833"},"modified":"2025-05-16T15:43:36","modified_gmt":"2025-05-16T12:43:36","slug":"grubumuz-vergi-rekortmeni-oldu","status":"publish","type":"page","link":"https:\/\/kipas.com.tr\/en\/grubumuz-vergi-rekortmeni-oldu\/","title":{"rendered":"OUR GROUP BECAME THE TOP TAXPAYER"},"content":{"rendered":"<p><div class=\"fusion-fullwidth fullwidth-box fusion-builder-row-1 fusion-flex-container has-pattern-background has-mask-background nonhundred-percent-fullwidth non-hundred-percent-height-scrolling\" style=\"--awb-border-radius-top-left:0px;--awb-border-radius-top-right:0px;--awb-border-radius-bottom-right:0px;--awb-border-radius-bottom-left:0px;--awb-flex-wrap:wrap;\" ><div class=\"fusion-builder-row fusion-row fusion-flex-align-items-flex-start fusion-flex-content-wrap\" style=\"max-width:1216.8px;margin-left: calc(-4% \/ 2 );margin-right: calc(-4% \/ 2 );\"><div class=\"fusion-layout-column fusion_builder_column fusion-builder-column-0 fusion_builder_column_1_1 1_1 fusion-flex-column\" style=\"--awb-bg-size:cover;--awb-width-large:100%;--awb-margin-top-large:0px;--awb-spacing-right-large:1.92%;--awb-margin-bottom-large:20px;--awb-spacing-left-large:1.92%;--awb-width-medium:100%;--awb-order-medium:0;--awb-spacing-right-medium:1.92%;--awb-spacing-left-medium:1.92%;--awb-width-small:100%;--awb-order-small:0;--awb-spacing-right-small:1.92%;--awb-spacing-left-small:1.92%;\"><div class=\"fusion-column-wrapper fusion-column-has-shadow fusion-flex-justify-content-flex-start fusion-content-layout-column\"><div class=\"fusion-text fusion-text-1\"><h4 class=\"news_title\" style=\"font-size: 24px; font-family: Poppins; font-weight: 500;\" data-fusion-font=\"true\" data-fusion-google-font=\"Poppins\" data-fusion-google-variant=\"500\">OUR GROUP BECAME THE TOP TAXPAYER<\/h4>\n<\/div><div class=\"fusion-text fusion-text-2\"><p style=\"font-size: 14px;\" data-fusion-font=\"true\">2021-03-19 08:22:59<\/p>\n<\/div><div class=\"fusion-text fusion-text-3\" style=\"--awb-line-height:1.2;\"><p><strong style=\"font-size: 16px; font-family: Poppins; font-weight: bold;\" data-fusion-font=\"true\" data-fusion-google-font=\"Poppins\" data-fusion-google-variant=\"700\">Within the scope of Tax Week activities, \u0130brahim Kaya, Head of Kahramanmara\u015f Tax Office, along with Aksu Tax Office Deputy Managers Merve Durmu\u015f and Canan Y\u00fccel Temur, and Revenue Specialist Atilla Ba\u015fdemir, visited our group, which ranked among the top corporate taxpayers in Kahramanmara\u015f in 2018 with three companies listed.<\/strong><\/p>\n<\/div><\/div><\/div><\/div><\/div><div class=\"fusion-fullwidth fullwidth-box fusion-builder-row-2 fusion-flex-container has-pattern-background has-mask-background nonhundred-percent-fullwidth non-hundred-percent-height-scrolling\" style=\"--awb-border-radius-top-left:0px;--awb-border-radius-top-right:0px;--awb-border-radius-bottom-right:0px;--awb-border-radius-bottom-left:0px;--awb-flex-wrap:wrap;\" ><div class=\"fusion-builder-row fusion-row fusion-flex-align-items-flex-start fusion-flex-content-wrap\" style=\"max-width:1216.8px;margin-left: calc(-4% \/ 2 );margin-right: calc(-4% \/ 2 );\"><div class=\"fusion-layout-column fusion_builder_column fusion-builder-column-1 fusion_builder_column_1_1 1_1 fusion-flex-column\" style=\"--awb-bg-size:cover;--awb-width-large:100%;--awb-margin-top-large:0px;--awb-spacing-right-large:1.92%;--awb-margin-bottom-large:20px;--awb-spacing-left-large:1.92%;--awb-width-medium:100%;--awb-order-medium:0;--awb-spacing-right-medium:1.92%;--awb-spacing-left-medium:1.92%;--awb-width-small:100%;--awb-order-small:0;--awb-spacing-right-small:1.92%;--awb-spacing-left-small:1.92%;\"><div class=\"fusion-column-wrapper fusion-column-has-shadow fusion-flex-justify-content-flex-start fusion-content-layout-column\"><div class=\"fusion-text fusion-text-4\" style=\"--awb-line-height:1.2;\"><p style=\"font-size: 16px;\" data-fusion-font=\"true\">Among the top 5 on the list were Kipa\u015f Mensucat, one of our group\u2019s companies, as well as our affiliates Akeda\u015f Elektrik Da\u011f\u0131t\u0131m A.\u015e. and Akeda\u015f Elektrik Perakende Sat\u0131\u015f A.\u015e. Known for its investments and employment contributions both regionally and nationally, our company fulfilled its tax obligations, which it sees as a patriotic duty, by setting a new record.\n\nDuring the visit, Kahramanmara\u015f Tax Office Head \u0130brahim Kaya presented the 2018 corporate tax awards to our Chairman of the Board, Mehmet Hanefi \u00d6ks\u00fcz. The award ceremony was also attended by our Vice Chairman of the Board Halil \u0130brahim G\u00fcm\u00fc\u015fer, Kipa\u015f Holding Financial Coordinator Derya Karaca, Kipa\u015f Holding Accounting Group Manager Muharrem Zabun, and Kipa\u015f Holding Accounting Chief Mahmut Kuzkaya.\n\nCommenting on the event, our Chairman of the Board Mehmet Hanefi \u00d6ks\u00fcz said:\n\u201cAs Kipa\u015f Holding, we continue to support our country\u2019s economy. We consider tax debt a national duty. We share what we earn with both our government and our people. Through our investments and employment contributions, we continue to grow and develop. This pride and success belong to the entire Kipa\u015f Holding family who work day and night.\u201d<\/p>\n<\/div><\/div><\/div><\/div><\/div><\/p>","protected":false},"excerpt":{"rendered":"","protected":false},"author":1,"featured_media":0,"parent":0,"menu_order":0,"comment_status":"closed","ping_status":"closed","template":"","meta":{"footnotes":""},"class_list":["post-6833","page","type-page","status-publish","hentry"],"_links":{"self":[{"href":"https:\/\/kipas.com.tr\/en\/wp-json\/wp\/v2\/pages\/6833","targetHints":{"allow":["GET"]}}],"collection":[{"href":"https:\/\/kipas.com.tr\/en\/wp-json\/wp\/v2\/pages"}],"about":[{"href":"https:\/\/kipas.com.tr\/en\/wp-json\/wp\/v2\/types\/page"}],"author":[{"embeddable":true,"href":"https:\/\/kipas.com.tr\/en\/wp-json\/wp\/v2\/users\/1"}],"replies":[{"embeddable":true,"href":"https:\/\/kipas.com.tr\/en\/wp-json\/wp\/v2\/comments?post=6833"}],"version-history":[{"count":4,"href":"https:\/\/kipas.com.tr\/en\/wp-json\/wp\/v2\/pages\/6833\/revisions"}],"predecessor-version":[{"id":6839,"href":"https:\/\/kipas.com.tr\/en\/wp-json\/wp\/v2\/pages\/6833\/revisions\/6839"}],"wp:attachment":[{"href":"https:\/\/kipas.com.tr\/en\/wp-json\/wp\/v2\/media?parent=6833"}],"curies":[{"name":"wp","href":"https:\/\/api.w.org\/{rel}","templated":true}]}}

<p><div class="fusion-fullwidth fullwidth-box fusion-builder-row-1 fusion-flex-container has-pattern-background has-mask-background nonhundred-percent-fullwidth non-hundred-percent-height-scrolling" style="--awb-border-radius-top-left:0px;--awb-border-radius-top-right:0px;--awb-border-radius-bottom-right:0px;--awb-border-radius-bottom-left:0px;--awb-flex-wrap:wrap;" ><div class="fusion-builder-row fusion-row fusion-flex-align-items-flex-start fusion-flex-content-wrap" style="max-width:1216.8px;margin-left: calc(-4% / 2 );margin-right: calc(-4% / 2 );"><div class="fusion-layout-column fusion_builder_column fusion-builder-column-0 fusion_builder_column_1_1 1_1 fusion-flex-column" style="--awb-bg-size:cover;--awb-width-large:100%;--awb-margin-top-large:0px;--awb-spacing-right-large:1.92%;--awb-margin-bottom-large:20px;--awb-spacing-left-large:1.92%;--awb-width-medium:100%;--awb-order-medium:0;--awb-spacing-right-medium:1.92%;--awb-spacing-left-medium:1.92%;--awb-width-small:100%;--awb-order-small:0;--awb-spacing-right-small:1.92%;--awb-spacing-left-small:1.92%;"><div class="fusion-column-wrapper fusion-column-has-shadow fusion-flex-justify-content-flex-start fusion-content-layout-column"><div class="fusion-text fusion-text-1"><h4 class="news_title" style="font-size: 24px; font-family: Poppins; font-weight: 500;" data-fusion-font="true" data-fusion-google-font="Poppins" data-fusion-google-variant="500">OUR GROUP BECAME THE TOP TAXPAYER</h4>
</div><div class="fusion-text fusion-text-2"><p style="font-size: 14px;" data-fusion-font="true">2021-03-19 08:22:59</p>
</div><div class="fusion-text fusion-text-3" style="--awb-line-height:1.2;"><p><strong style="font-size: 16px; font-family: Poppins; font-weight: bold;" data-fusion-font="true" data-fusion-google-font="Poppins" data-fusion-google-variant="700">Within the scope of Tax Week activities, İbrahim Kaya, Head of Kahramanmaraş Tax Office, along with Aksu Tax Office Deputy Managers Merve Durmuş and Canan Yücel Temur, and Revenue Specialist Atilla Başdemir, visited our group, which ranked among the top corporate taxpayers in Kahramanmaraş in 2018 with three companies listed.</strong></p>
</div></div></div></div></div><div class="fusion-fullwidth fullwidth-box fusion-builder-row-2 fusion-flex-container has-pattern-background has-mask-background nonhundred-percent-fullwidth non-hundred-percent-height-scrolling" style="--awb-border-radius-top-left:0px;--awb-border-radius-top-right:0px;--awb-border-radius-bottom-right:0px;--awb-border-radius-bottom-left:0px;--awb-flex-wrap:wrap;" ><div class="fusion-builder-row fusion-row fusion-flex-align-items-flex-start fusion-flex-content-wrap" style="max-width:1216.8px;margin-left: calc(-4% / 2 );margin-right: calc(-4% / 2 );"><div class="fusion-layout-column fusion_builder_column fusion-builder-column-1 fusion_builder_column_1_1 1_1 fusion-flex-column" style="--awb-bg-size:cover;--awb-width-large:100%;--awb-margin-top-large:0px;--awb-spacing-right-large:1.92%;--awb-margin-bottom-large:20px;--awb-spacing-left-large:1.92%;--awb-width-medium:100%;--awb-order-medium:0;--awb-spacing-right-medium:1.92%;--awb-spacing-left-medium:1.92%;--awb-width-small:100%;--awb-order-small:0;--awb-spacing-right-small:1.92%;--awb-spacing-left-small:1.92%;"><div class="fusion-column-wrapper fusion-column-has-shadow fusion-flex-justify-content-flex-start fusion-content-layout-column"><div class="fusion-text fusion-text-4" style="--awb-line-height:1.2;"><p style="font-size: 16px;" data-fusion-font="true">Among the top 5 on the list were Kipaş Mensucat, one of our group’s companies, as well as our affiliates Akedaş Elektrik Dağıtım A.Ş. and Akedaş Elektrik Perakende Satış A.Ş. Known for its investments and employment contributions both regionally and nationally, our company fulfilled its tax obligations, which it sees as a patriotic duty, by setting a new record.

During the visit, Kahramanmaraş Tax Office Head İbrahim Kaya presented the 2018 corporate tax awards to our Chairman of the Board, Mehmet Hanefi Öksüz. The award ceremony was also attended by our Vice Chairman of the Board Halil İbrahim Gümüşer, Kipaş Holding Financial Coordinator Derya Karaca, Kipaş Holding Accounting Group Manager Muharrem Zabun, and Kipaş Holding Accounting Chief Mahmut Kuzkaya.

Commenting on the event, our Chairman of the Board Mehmet Hanefi Öksüz said:
“As Kipaş Holding, we continue to support our country’s economy. We consider tax debt a national duty. We share what we earn with both our government and our people. Through our investments and employment contributions, we continue to grow and develop. This pride and success belong to the entire Kipaş Holding family who work day and night.”</p>
</div></div></div></div></div></p>
